{"id":13,"date":"2024-06-23T14:34:23","date_gmt":"2024-06-23T12:34:23","guid":{"rendered":"http:\/\/protectasivoire-securite.com\/?page_id=13"},"modified":"2024-06-28T03:52:51","modified_gmt":"2024-06-28T01:52:51","slug":"a-propos-de","status":"publish","type":"page","link":"https:\/\/protectasivoire-securite.com\/index.php\/a-propos-de\/","title":{"rendered":"\u00c0 propos de nous"},"content":{"rendered":"\n<h2 class=\"wp-block-heading alignwide has-text-align-left\"><mark style=\"background-color:#af641f;color:#ffffff\" class=\"has-inline-color\">Notre Mission <\/mark> <\/h2>\n\n\n\n<div class=\"wp-block-columns alignwide is-layout-flex wp-container-core-columns-is-layout-9d6595d7 wp-block-columns-is-layout-flex\">\n<div class=\"wp-block-column is-layout-flow wp-block-column-is-layout-flow\" style=\"flex-basis:100%\">\n<p class=\"has-text-align-left\">Chez <strong><strong>PROTECTAS IVOIRE S\u00c9CURIT\u00c9<\/strong><\/strong>, nous nous engageons \u00e0 fournir des services de s\u00e9curit\u00e9 de la plus haute qualit\u00e9 pour garantir la s\u00fbret\u00e9 et la tranquillit\u00e9 de nos clients. Notre mission est de prot\u00e9ger ce qui compte le plus pour vous, que ce soit vos biens, vos proches ou votre entreprise.<\/p>\n<\/div>\n<\/div>\n\n\n\n<h2 class=\"wp-block-heading alignwide has-text-align-left\"><mark style=\"background-color:#af641f;color:#ffffff\" class=\"has-inline-color\">Qui sommes-nous? <\/mark><\/h2>\n\n\n\n<div class=\"wp-block-columns alignwide is-layout-flex wp-container-core-columns-is-layout-9d6595d7 wp-block-columns-is-layout-flex\">\n<div class=\"wp-block-column is-layout-flow wp-block-column-is-layout-flow\" style=\"flex-basis:100%\">\n<p><strong><strong>PROTECTAS IVOIRE S\u00c9CURIT\u00c9<\/strong><\/strong> est une soci\u00e9t\u00e9 de s\u00e9curit\u00e9 priv\u00e9e implant\u00e9e depuis plusieurs ann\u00e9es en C\u00f4te d&rsquo;Ivoire, avec pour objectif de devenir un leader dans le domaine de la s\u00e9curit\u00e9. Nous offrons une gamme compl\u00e8te de services de s\u00e9curit\u00e9 adapt\u00e9s aux besoins de chaque client, que vous soyez une petite entreprise, une grande corporation ou un particulier.<\/p>\n<\/div>\n<\/div>\n\n\n\n<h2 class=\"wp-block-heading alignwide\"><mark style=\"background-color:#af641f;color:#ffffff\" class=\"has-inline-color\">Nos Valeurs  <\/mark><\/h2>\n\n\n\n<div class=\"wp-block-columns alignwide is-layout-flex wp-container-core-columns-is-layout-9d6595d7 wp-block-columns-is-layout-flex\">\n<div class=\"wp-block-column is-layout-flow wp-block-column-is-layout-flow\" style=\"flex-basis:100%\">\n<ul class=\"wp-block-list\">\n<li><strong>Int\u00e9grit\u00e9<\/strong> : Nous op\u00e9rons avec honn\u00eatet\u00e9 et transparence dans toutes nos interactions.<\/li>\n\n\n\n<li><strong>Professionnalisme<\/strong> : Nos agents de s\u00e9curit\u00e9 sont form\u00e9s aux normes les plus \u00e9lev\u00e9es de l&rsquo;industrie pour assurer un service impeccable.<\/li>\n\n\n\n<li><strong>Fiabilit\u00e9<\/strong> : Vous pouvez compter sur nous pour \u00eatre l\u00e0 quand vous avez besoin de nous, 24h\/24 et 7j\/7.<\/li>\n\n\n\n<li><strong>Engagement<\/strong> : Nous nous engageons \u00e0 am\u00e9liorer constamment nos services et \u00e0 adopter les meilleures pratiques de l&rsquo;industrie afin de toujours satisfaire nos clients.<\/li>\n<\/ul>\n<\/div>\n<\/div>\n\n\n\n<h2 class=\"wp-block-heading alignwide\"><mark style=\"background-color:#af641f;color:#ffffff\" class=\"has-inline-color\">Nos Services  <\/mark><\/h2>\n\n\n\n<div class=\"wp-block-columns alignwide is-layout-flex wp-container-core-columns-is-layout-9d6595d7 wp-block-columns-is-layout-flex\">\n<div class=\"wp-block-column is-layout-flow wp-block-column-is-layout-flow\" style=\"flex-basis:100%\">\n<li><strong>S\u00e9curit\u00e9 Mobile<\/strong> : Rondes r\u00e9guli\u00e8res pour dissuader les comportements criminels et garantir la s\u00e9curit\u00e9 de vos installations.<\/li>\n\n\n\n<li><strong>S\u00e9curit\u00e9 \u00c9v\u00e9nementielle<\/strong> : Surveillance et gestion de la s\u00e9curit\u00e9 pour tous types d&rsquo;\u00e9v\u00e9nements, grands ou petits.<\/li>\n\n\n\n<li><strong>S\u00e9curit\u00e9 R\u00e9sidentielle<\/strong> : Protection de votre domicile avec des agents form\u00e9s et des syst\u00e8mes de s\u00e9curit\u00e9 avanc\u00e9s.<\/li>\n\n\n\n<li><strong>Consulting en S\u00e9curit\u00e9<\/strong> : \u00c9valuation des risques et recommandations pour renforcer votre s\u00e9curit\u00e9.<\/li>\n<\/div>\n<\/div>\n\n\n\n<h2 class=\"wp-block-heading alignwide\"><mark style=\"background-color:#af641f;color:#ffffff\" class=\"has-inline-color\">Notre \u00c9quipe  <\/mark><\/h2>\n\n\n\n<div class=\"wp-block-columns alignwide is-layout-flex wp-container-core-columns-is-layout-9d6595d7 wp-block-columns-is-layout-flex\">\n<div class=\"wp-block-column is-layout-flow wp-block-column-is-layout-flow\" style=\"flex-basis:100%\">\n<p>Notre \u00e9quipe est compos\u00e9e de professionnels de la s\u00e9curit\u00e9 hautement qualifi\u00e9s et exp\u00e9riment\u00e9s. Chaque membre de notre personnel est soigneusement s\u00e9lectionn\u00e9 et form\u00e9 pour garantir qu&rsquo;ils r\u00e9pondent \u00e0 nos standards \u00e9lev\u00e9s. Nous croyons que la formation continue et le d\u00e9veloppement professionnel sont essentiels pour maintenir notre position de leader dans l&rsquo;industrie de la s\u00e9curit\u00e9.<\/p>\n<\/div>\n<\/div>\n\n\n\n<h2 class=\"wp-block-heading alignwide\"><mark style=\"background-color:#af641f;color:#ffffff\" class=\"has-inline-color\">Pourquoi nous choisir ?  <\/mark><\/h2>\n\n\n\n<div class=\"wp-block-columns alignwide is-layout-flex wp-container-core-columns-is-layout-9d6595d7 wp-block-columns-is-layout-flex\">\n<div class=\"wp-block-column is-layout-flow wp-block-column-is-layout-flow\" style=\"flex-basis:100%\">\n<p>Avec <strong><strong>PROTECTAS IVOIRE S\u00c9CURIT\u00c9<\/strong><\/strong>, vous b\u00e9n\u00e9ficiez de :<\/p>\n\n\n\n<ul class=\"wp-block-list\">\n<li>Une expertise approfondie et une connaissance locale des d\u00e9fis de s\u00e9curit\u00e9.<\/li>\n\n\n\n<li>Une r\u00e9ponse rapide et efficace \u00e0 vos besoins de s\u00e9curit\u00e9.<\/li>\n\n\n\n<li>Des solutions personnalis\u00e9es pour r\u00e9pondre \u00e0 vos exigences sp\u00e9cifiques.<\/li>\n<\/ul>\n<\/div>\n<\/div>\n\n\n\n<div class=\"wp-block-buttons alignwide is-layout-flex wp-block-buttons-is-layout-flex\">\n<div class=\"wp-block-button\"><a class=\"wp-block-button__link wp-element-button\" href=\"https:\/\/protectasivoire-securite.com\/index.php\/contact\/\">Contactez-nous<\/a><\/div>\n<\/div>\n\n\n\n<div class=\"wp-block-columns alignwide is-layout-flex wp-container-core-columns-is-layout-9d6595d7 wp-block-columns-is-layout-flex\">\n<div class=\"wp-block-column is-layout-flow wp-block-column-is-layout-flow\" style=\"flex-basis:100%\">\n<p>Pour en savoir plus sur nos services ou pour discuter de vos besoins en mati\u00e8re de s\u00e9curit\u00e9, n&rsquo;h\u00e9sitez pas \u00e0 nous contacter \u00e0 <a>protectas.ivoiresecurite@yahoo.fr<\/a> ou aux 09 57 17 74 \/ 54 50 09 09.<\/p>\n<\/div>\n<\/div>\n","protected":false},"excerpt":{"rendered":"<p>Notre Mission Chez PROTECTAS IVOIRE S\u00c9CURIT\u00c9, nous nous engageons \u00e0 fournir des services de s\u00e9curit\u00e9 de la plus haute qualit\u00e9 pour garantir la s\u00fbret\u00e9 et la tranquillit\u00e9 de nos clients. Notre mission est de prot\u00e9ger ce qui compte le plus pour vous, que ce soit vos biens, vos proches ou votre entreprise. Qui sommes-nous? PROTECTAS [&hellip;]<\/p>\n","protected":false},"author":1,"featured_media":0,"parent":0,"menu_order":0,"comment_status":"closed","ping_status":"closed","template":"","meta":{"footnotes":""},"class_list":["post-13","page","type-page","status-publish","hentry"],"_links":{"self":[{"href":"https:\/\/protectasivoire-securite.com\/index.php\/wp-json\/wp\/v2\/pages\/13","targetHints":{"allow":["GET"]}}],"collection":[{"href":"https:\/\/protectasivoire-securite.com\/index.php\/wp-json\/wp\/v2\/pages"}],"about":[{"href":"https:\/\/protectasivoire-securite.com\/index.php\/wp-json\/wp\/v2\/types\/page"}],"author":[{"embeddable":true,"href":"https:\/\/protectasivoire-securite.com\/index.php\/wp-json\/wp\/v2\/users\/1"}],"replies":[{"embeddable":true,"href":"https:\/\/protectasivoire-securite.com\/index.php\/wp-json\/wp\/v2\/comments?post=13"}],"version-history":[{"count":24,"href":"https:\/\/protectasivoire-securite.com\/index.php\/wp-json\/wp\/v2\/pages\/13\/revisions"}],"predecessor-version":[{"id":162,"href":"https:\/\/protectasivoire-securite.com\/index.php\/wp-json\/wp\/v2\/pages\/13\/revisions\/162"}],"wp:attachment":[{"href":"https:\/\/protectasivoire-securite.com\/index.php\/wp-json\/wp\/v2\/media?parent=13"}],"curies":[{"name":"wp","href":"https:\/\/api.w.org\/{rel}","templated":true}]}}